
Is 3379127 composite?
False
Is 33075831 composite?
True
Is 6145207 a composite number?
True
Is 7663151 a composite number?
True
Is 608161 a prime number?
True
Is 50628503 a composite number?
False
Is 27620882 a composite number?
True
Is 2241859 a prime number?
False
Is 7935335 prime?
False
Is 532217 prime?
False
Is 3876409 a composite number?
True
Is 31054847 a prime number?
True
Is 5767711 a composite number?
True
Is 15841769 a composite number?
False
Is 14916071 a prime number?
True
Is 2393329 a prime number?
False
Is 519011 composite?
False
Is 36024497 composite?
True
Is 20464471 prime?
True
Is 20276281 prime?
True
Is 8441443 composite?
True
Is 553730413 composite?
False
Is 93129149 a composite number?
False
Is 12423539 prime?
True
Is 5484643 composite?
False
Is 118550749 a prime number?
True
Is 193853 a prime number?
False
Is 100892317 a composite number?
False
Is 233676178 a prime number?
False
Is 2859301 prime?
True
Is 663086971 a composite number?
True
Is 1010869 a composite number?
True
Is 3421829 composite?
True
Is 72451942 composite?
True
Is 107467 a prime number?
True
Is 673956509 prime?
True
Is 14583307 a prime number?
True
Is 1811107 prime?
True
Is 3356491 prime?
False
Is 9252983 a prime number?
False
Is 1317922853 a prime number?
False
Is 10369703 composite?
True
Is 22599937 composite?
False
Is 146526683 a composite number?
True
Is 8168723 composite?
True
Is 151758293 prime?
True
Is 52519 a composite number?
True
Is 493924139 composite?
False
Is 690037 composite?
False
Is 35384627 prime?
True
Is 61490969 a composite number?
False
Is 106278353 composite?
False
Is 5797915 prime?
False
Is 1177087 prime?
True
Is 957263 a prime number?
True
Is 27503779 a composite number?
False
Is 631361 a composite number?
False
Is 364027 a composite number?
False
Is 1592321 a prime number?
True
Is 1210711 prime?
True
Is 4570694 a composite number?
True
Is 455419 composite?
False
Is 32515843 a prime number?
True
Is 53507851 prime?
False
Is 1233473 composite?
False
Is 31409369 prime?
False
Is 72603299 a prime number?
True
Is 23818337 composite?
True
Is 327506789 a prime number?
False
Is 6605579 a prime number?
True
Is 839474843 prime?
True
Is 267841853 prime?
False
Is 289271 a composite number?
True
Is 1345178513 a prime number?
False
Is 525671 a prime number?
True
Is 5841883 prime?
True
Is 76232647 prime?
True
Is 14299679 a composite number?
True
Is 2037611 a prime number?
True
Is 24975803 a prime number?
False
Is 7257989 a prime number?
True
Is 2551355 a prime number?
False
Is 195617219 a composite number?
True
Is 1222883 a composite number?
True
Is 197026177 composite?
True
Is 55449377 a composite number?
False
Is 173790761 a composite number?
True
Is 213121 a composite number?
True
Is 325802021 prime?
True
Is 33576373 composite?
False
Is 1071649 a composite number?
True
Is 8394569 prime?
False
Is 14639279 prime?
True
Is 9114923 composite?
True
Is 1153849 a composite number?
False
Is 501876953 a composite number?
False
Is 148739609 a prime number?
False
Is 55612153 a composite number?
False
Is 2977861 composite?
False
Is 8001901 a prime number?
False
Is 322810723 a prime number?
True
Is 292601 prime?
True
Is 23588939 a prime number?
False
Is 642300739 prime?
True
Is 100388521 a prime number?
False
Is 217426159 prime?
False
Is 7830647 prime?
False
Is 10293097 a prime number?
False
Is 120984293 a prime number?
True
Is 3417251 composite?
False
Is 2947097 composite?
False
Is 49583957 prime?
True
Is 430092487 composite?
True
Is 294433 composite?
True
Is 235783697 a composite number?
True
Is 119323 a composite number?
True
Is 266900057 composite?
False
Is 6173551 prime?
True
Is 6609121 a prime number?
False
Is 1070149 prime?
True
Is 150193 a composite number?
False
Is 463184123 composite?
False
Is 61894029 a composite number?
True
Is 1915679 a prime number?
False
Is 44597639 prime?
False
Is 98366443 prime?
False
Is 14594779 composite?
False
Is 7509391 a prime number?
False
Is 173433193 prime?
False
Is 298147 composite?
True
Is 249319361 a prime number?
True
Is 189543661 a composite number?
True
Is 3499787 a composite number?
False
Is 3913085083 a prime number?
True
Is 3024733 a composite number?
False
Is 219227867 a composite number?
False
Is 1816369 a prime number?
False
Is 140426597 a prime number?
True
Is 218259407 prime?
True
Is 871525001 a composite number?
False
Is 1033809223 prime?
True
Is 7646567 a prime number?
True
Is 91687759 a prime number?
False
Is 46551773 a composite number?
False
Is 2502179531 composite?
False
Is 204601703 composite?
True
Is 25747355 prime?
False
Is 32432291 a prime number?
True
Is 5139187 prime?
False
Is 1047593 prime?
False
Is 71052091 a composite number?
True
Is 708706333 prime?
True
Is 1708571 a prime number?
True
Is 16135979 composite?
False
Is 509317 a composite number?
False
Is 2599679 a prime number?
True
Is 13250379 a composite number?
True
Is 1213429 a prime number?
False
Is 3456643 composite?
True
Is 377519839 a prime number?
False
Is 312197 a prime number?
True
Is 28064909 composite?
True
Is 25728779 composite?
True
Is 13107889 prime?
False
Is 1874185 composite?
True
Is 44635069 prime?
True
Is 181094 composite?
True
Is 7197547 a prime number?
False
Is 22144711 a composite number?
False
Is 65028713 prime?
False
Is 22339777 a prime number?
True
Is 134773 a composite number?
True
Is 3983509 prime?
True
Is 543497 a composite number?
False
Is 5146469 a prime number?
True
Is 10739851 composite?
False
Is 113558579 prime?
False
Is 2770973 a composite number?
False
Is 5506321 a prime number?
False
Is 113014823 a prime number?
False
Is 3327457 a composite number?
True
Is 43426039 a prime number?
False
Is 793511 a prime number?
True
Is 835591 a prime number?
True
Is 402419687 composite?
True
Is 2385563 a composite number?
True
Is 13319335 prime?
False
Is 7655429 prime?
True
Is 4841981 composite?
False
Is 56397877 composite?
False
Is 698849713 composite?
True
Is 1126226 composite?
True
Is 7409219 prime?
False
Is 2877691 a prime number?
False
Is 578476517 a composite number?
True
Is 681167 a composite number?
False
Is 56132443 composite?
True
Is 1522277 a prime number?
False
Is 49683827 a composite number?
False
Is 21961151 a prime number?
True
Is 22575977 composite?
False
Is 6631501 a composite number?
False
Is 6508429 a composite number?
False
Is 3439063 a prime number?
True
Is 6124322 a prime number?
False
Is 33962837 prime?
True
Is 696637 a prime number?
False
Is 48066419 composite?
True
Is 869983 a prime number?
True
Is 3126269 composite?
False
Is 2468509 prime?
False
Is 27912851 a prime number?
True
Is 53327831 prime?
False
Is 252618979 a composite number?
False
Is 119695403 a prime number?
False
Is 14505107 a composite number?
False
Is 9775933 composite?
False
Is 2089381 prime?
False
Is 40976849 a composite number?
False
Is 491927 a composite number?
True
Is 20001703 composite?
False
Is 159311047 composite?
True
Is 1775983 a prime number?
False
Is 2492569 a prime number?
False
Is 1343229 a composite number?
True
Is 22897297 composite?
True
Is 142108121 a composite number?
True
Is 848053 prime?
False
Is 14187599 a prime number?
False
Is 5273617 a composite number?
False
Is 877318223 composite?
False
Is 309521 prime?
True
Is 114581849 prime?
True
Is 82059305 a prime number?
False
Is 6064213 a composite number?
False
Is 749592821 composite?
True
Is 3145378 a composite number?
True
Is 16006009 composite?
False
Is 5640953 a prime number?
True
Is 17513957 a prime number?
False
Is 707561 a prime number?
True
Is 9174089 prime?
True
Is 217225007 prime?
False
Is 2568539 a prime number?
False
Is 89373839 a prime number?
False
Is 1257071 a composite number?
False
Is 50407631 composite?
True
Is 72690737 composite?
True
Is 143407907 composite?
False
Is 324757273 a prime number?
False
Is 54113111 composite?
True
Is 131044894 a prime number?
False
Is 80331 a composite number?
True
Is 1077265399 composite?
True
Is 22584377 composite?
True
Is 48460627 a prime number?
True
Is 10685897 a prime number?
False
Is 3690277 prime?
False
Is 69285029 a composite number?
True
Is 5460839 composite?
False
Is 25429267 a composite number?
False
Is 376461557 a composite number?
True
Is 36847303 composite?
False
Is 7201423 a prime number?
True
